0. What is the highest common divisor of m and y?
7
Suppose 20 = 38*m - 28*m. Calculate the highest common factor of 52 and m.
2
Let o(b) = b**2 - 4*b - 18. Let h be o(7). Let j(m) = h - 107*m + 18 + 108*m. Let a be j(-6). Calculate the greatest common divisor of 20 and a.
5
Suppose 0 = -104*d - 156*d + 655200. What is the greatest common factor of d and 135?
45
Let l(c) = c**3 + c**2 + c + 3. Let a be l(3). Suppose -91*f + 89*f = -418. Let k = 230 - f. What is the greatest common factor of a and k?
21
Let k(w) = -w**3 + 42*w**2 + 3*w - 104. Let o be k(42). What is the greatest common factor of o and 3916?
22
Suppose -4*c - 23 = 3*q - 24, 4*c + 11 = q. Suppose -5*h = -2*z + 60, q*z + 3*h = 4*h + 64. What is the highest common factor of 32 and z?
4
Suppose 72*u - 109922 = -50*u. Calculate the highest common factor of 371 and u.
53
Suppose 0 = y + 5*w + 11, -y + w - 15 = -34. Let j be (98/28)/(3/6). What is the highest common factor of y and j?
7
Let j(r) = 5*r + r**3 - 5 - 5*r**2 + 4*r**2 - r**2 - 2*r**2. Let w be j(2). Let n be (36/(-10))/(w/10). Calculate the greatest common divisor of 132 and n.
12
Suppose 0 = 124*v - 129*v + 225. Let d be ((-13920)/v)/((-4)/6). Calculate the highest common divisor of 58 and d.
58
Let q(i) = -68 + 0*i + 2*i**3 + 56 - 3*i**2 + 9*i + i**3. Let p be q(5). Calculate the highest common divisor of 9 and p.
9
Let k(o) = 303*o + 434. Let b be k(0). Calculate the highest common factor of 98 and b.
14
Let r(o) = -10*o**3 - 3*o**2 - 3*o - 1. Let i be r(-1). Let h be (-116)/(-7) + (-469)/49 + i. What is the greatest common factor of h and 2?
2
Let z = 72 - 107. Let m = z - -51. Let d(h) = -12*h**3 + h**2 + 3*h + 2. Let x be d(-2). Calculate the highest common factor of m and x.
16
Let m be (-8 - 390/(-25))/(7/(-210)*-2). Calculate the greatest common factor of 762 and m.
6
Let b = -35731 + 35735. Let x(j) be the third derivative of j**5/60 + j**4/12 + j**2. Let n be x(-4). Calculate the greatest common factor of n and b.
4
Let v(z) = -z**3 + z**2 - z + 39. Let q be v(0). Let f be 3 - (0 + 6) - -3. Suppose -7*b + 6 + 15 = f. Calculate the greatest common factor of q and b.
3
Let a = 1184 + -811. Let o = a - 343. Calculate the highest common divisor of o and 8.
2
Suppose 23*p + 16 = 25*p. Let c(b) = b**2 - 8*b. Let m be c(p). Suppose 6*a + 35 - 197 = m. Calculate the highest common factor of a and 189.
27
Let d = 622 - 280. Let z be (8/12 - (-3)/9)*-5. Let p(o) = o**2 - 5*o - 12. Let w be p(z). What is the greatest common factor of w and d?
38
Suppose 0 = 3*f - 3*c - 423, 212*f - 216*f - 2*c + 588 = 0. Calculate the highest common factor of 2117 and f.
29
Let c(a) = a**3 + 2*a**2 + 5*a. Let i be c(2). Suppose i*h = 3*h + 207. Calculate the greatest common divisor of h and 15.
3
Suppose 3*i - i = -10. Let v be -2 - 72/(-10) - i/(-25). Suppose -3*a = -5*w + w + 193, 5*w - v*a - 235 = 0. Calculate the highest common divisor of w and 13.
13
Suppose -h + 401 = 2*z - 124, 0 = 4*z - 5*h - 1015. Let r(q) = 8*q**2 + 87*q + 391. Let p be r(-5). Calculate the greatest common factor of z and p.
52
Let c(x) = x + 5. Let g be c(-7). Let n be (-83)/g + 8/16. Suppose -1050 = 83*v - 93*v. Calculate the greatest common divisor of v and n.
21
Let q(w) = -w**2 + 8*w - 8. Let n be q(6). Let x(r) = r**3 + 11*r**2 - 7*r - 28. Let v be x(-12). Let j = v + 92. What is the highest common divisor of n and j?
4
Suppose 25*p = 43*p + 11934. Let n = 677 + p. Suppose 10 = 4*w - 2*a, -5*w + a + 9 = -8. What is the highest common factor of w and n?
2
Suppose -2588 = -4*w + h + 3*h, w - 3*h = 645. Let k = -1044 - -1068. Calculate the highest common divisor of w and k.
24
Let d = -12 + -2. Let s be 0 - 118/d - 42/98. Suppose -g - 7 = -m, -3*m + 2*g = -2*g - 20. What is the greatest common divisor of s and m?
8
Suppose -296 = -11*h - 98. Let a = -347 + 359. What is the highest common factor of a and h?
6
Let v(y) = 6*y - 173. Let a be v(41). Let u = 81 - a. What is the greatest common factor of 104 and u?
8
Let v(a) = a**2 - 16*a - 41. Let k be v(-3). Calculate the highest common divisor of 268 and k.
4
Let x(k) = -311*k - 393. Let o be x(-33). Suppose -22*j - 25*j + o = 0. Calculate the greatest common divisor of 70 and j.
70
Let z(c) = -22*c + 353. Let o be z(11). Calculate the highest common factor of 8769 and o.
111
Let r(p) be the second derivative of 29*p**3/2 + 11*p**2/2 - 53*p. Let x be r(3). What is the highest common factor of 17 and x?
17
Let k be 71/7 - (-264)/308. What is the highest common factor of k and 22319?
11
Suppose -s - 254 = -5*s + 3*t, 0 = 4*s + 5*t - 238. Let v = s + -56. Suppose 8 = -5*b + 23. Calculate the highest common divisor of b and v.
3
Let s be 4670/45 + 2/9. Let g(j) = -j**2 + 170*j - 6418. Let x be g(110). Calculate the highest common factor of s and x.
26
Suppose 7646 = 2*j - 5970. What is the greatest common divisor of 184 and j?
184
Let u be (-47)/((-8319)/(-118)) + 89572/6. What is the highest common divisor of 12 and u?
12
Suppose 0 = c - 5*m + 14, -3*c + 12*m - 12 = 7*m. Let d be (-1 - -1)*14/(-56). Let r = 2 + d. What is the highest common divisor of r and c?
1
Let v(u) = 10*u**3 + 3*u**2 + 42*u - 412. Let m be v(8). What is the highest common divisor of 33 and m?
11
Suppose 160*l - 4*t = 164*l - 5508, 2*l - 5*t - 2719 = 0. What is the highest common factor of 21 and l?
7
Let h be (1232/35)/((-1)/(-20)). Calculate the greatest common divisor of h and 220.
44
Suppose -3*h + 6220 = -2155*a + 2153*a, -5*h - a = -10332. What is the highest common divisor of h and 1188?
44
Let n = -468 - -773. Let z = n - 95. What is the highest common divisor of 30 and z?
30
Let z(k) = 32*k + 34. Let s be z(14). Suppose s + 2158 = 12*h. What is the highest common factor of 20 and h?
20
Suppose 77*j - 1944 = 23*j. Let s(i) = 94*i**2 - 2*i + 4. Let x be s(-3). Let q be 7*(x/j - (-4)/18). What is the greatest common factor of q and 21?
21
Suppose 138 = 3*m + 516. Let t be ((-12)/(-14))/(1*(-6)/m). Calculate the greatest common divisor of 72 and t.
18
Suppose 683 = 5*q - 427. Suppose -q*h - 24 = -226*h. What is the highest common factor of h and 132?
6
Suppose -28*k + 8*k + 26965 + 11755 = 0. What is the highest common factor of k and 176?
176
Suppose f - 15 = -4*f. Let l(a) = 3*a**3 - 2*a**2 - 2*a - 2. Let m be l(f). Let v be 22/((6 + -1)*42/105). Calculate the highest common factor of v and m.
11
Let k be 3429/1 + (205 - 214). What is the greatest common factor of 171 and k?
171
Suppose -32*n - 26*n + 67945 = -2583. What is the highest common divisor of 38 and n?
38
Let v = -65 - -164. Calculate the greatest common divisor of v and 627.
33
Let x = 206 - 63. Let o = 154 - x. What is the highest common divisor of o and 121?
11
Suppose -91*b + 71*b - 279240 = -50*b. Calculate the highest common divisor of b and 13.
13
Let x(i) = i**2 + 150*i - 9960. Let w be x(50). Let m = 305 - 125. What is the highest common factor of w and m?
20
Suppose 2*b - 2*m - 318 = -80, 10*m - 532 = -4*b. Suppose 0 = -w - 5*w + 36. Calculate the highest common divisor of b and w.
3
Let i(q) = -109*q - 1848. Let f be i(-17). Calculate the highest common factor of f and 1165.
5
Suppose 3*r = 5*x + 915 + 339, -r + 418 = -x. What is the greatest common factor of r and 57?
19
Let k be (-6 + (-39)/(-3))*408/14. Let r = -199 + k. Calculate the greatest common divisor of r and 25.
5
Let m = 192 - 207. Let t = 57 + m. Calculate the greatest common factor of t and 126.
42
Let t = 1027 + -1581. Let k = -546 - t. Calculate the greatest common factor of 88 and k.
8
Let g(o) = 3*o**2 + 48*o + 17. Let i be g(-20). Let z = -140 + i. Calculate the greatest common divisor of z and 9.
9
Let p = 483 + -230. Let d(i) = 2*i**2 - 33*i - 94. Let a be d(-3). What is the greatest common factor of p and a?
23
Let x(v) = 22*v**3 - 794*v**2 + 74*v - 62. Let o be x(36). Let c = -4 - -64. What is the greatest common factor of o and c?
10
Let d(f) = 31*f - 996*f**3 - 80*f + 1990*f**3 + 120 + 53*f**2 - 995*f**3. Let m be d(52). What is the greatest common factor of 345 and m?
69
Suppose -5*k - h = -52048, -4*k - 4*h - 19333 = -60965. Calculate the greatest common factor of k and 60.
30
Let q(m) = 10*m**3 - 2*m**2 + m + 1. Let u be q(-2). Let s = 119 + u. What is the greatest common factor of 